 common factor of v and z.
11
Suppose -438984 = 81*d - 168*d + 63*d. Calculate the highest common factor of 91 and d.
91
Let k(m) = -2*m**3 - m**2 + 9*m + 10. Let s be k(-3). Calculate the greatest common factor of s and 5796.
28
Let q(k) = -114*k + 6. Let f be q(2). Let r = 438 + f. What is the highest common divisor of r and 24?
24
Let f(k) = -261*k**3 - 2*k - 2. Let p be f(-1). Let o = -162 + p. Let v = -16 + 25. Calculate the greatest common divisor of v and o.
9
Let h = 24312 - 23935. Suppose -4*z = 5*w - 32, -23 = -3*z + w - 5*w. Calculate the highest common divisor of z and h.
13
Let a(i) = 2*i**2 + 7*i + 6. Suppose -2*t - 4 = -t. Let c be a(t). Let y be (68/c)/((-52)/(-130)). Calculate the highest common factor of y and 68.
17
Let q(a) = -a**2 - 3*a + 53. Let c be 82/(-10) - (-8)/40. Let s be 66/c + 7/28. Let t be q(s). What is the greatest common factor of t and 52?
13
Let l be ((-156)/24)/((-2)/4). Suppose 8*w + 315 = l*w. Suppose -2*t + 5*t - w = 0. Calculate the highest common factor of 3 and t.
3
Suppose -9*a + 10*a + d = 873, 3*a - d - 2623 = 0. Suppose -2*v - 3*l = -879, -v + 2*l - a = -3*v. What is the highest common divisor of v and 27?
27
Suppose -4*k + 56 = 5*a, 9*k - 6*k - 4*a = 42. What is the greatest common divisor of k and 2793?
7
Let d be 36*((-12903)/34)/(-23). What is the greatest common factor of 693 and d?
99
Suppose -3*b - f - 1 = 0, 5*b + 20 = 4*f - 2*f. Let i be 3*b*52/(-24). What is the highest common factor of i and 130?
13
Suppose -2*i = -7 + 85. Let x be (-5)/((i/36)/13). Suppose 3*y - x - 74 = -4*c, 0 = 4*c - y - 142. Calculate the highest common divisor of 14 and c.
7
Let a(c) = -c**3 + 14*c**2 - 2*c + 31. Let b be a(14). Let j be -2 - ((-4)/3*b - 43). What is the greatest common factor of 27 and j?
9
Suppose -166*y + 41916 + 27472 = 0. Let i(o) = -3*o**3 + 2*o**2 - 3*o. Let q be i(2). Let m = q - -60. What is the highest common divisor of m and y?
38
Let z(a) = 17*a**2 - 25*a - 1 + 28*a - 18*a**2. Let u be z(1). Let o(g) = g**2 - 3. Let i be o(-3). Calculate the highest common divisor of i and u.
1
Suppose -11 = -7*g - 4. Suppose -5*c + h = 26, 2 = 3*c - 4*h - h. Let s be ((-4)/c)/((-2)/(-27)). What is the greatest common divisor of g and s?
1
Let v(q) = q**3 - 10*q**2 - 7*q - 7. Let u be v(6). Let c = -123 - u. Calculate the greatest common divisor of c and 35.
35
Let w(l) = l**3 + 8*l**2 + 9*l + 32. Let h be w(-3). Let s(k) = -1 - 8 - 16*k - 1. Let z be s(-10). Calculate the greatest common divisor of h and z.
50
Let k be (-4)/((4/(-9))/(18 + -12)). What is the greatest common factor of k and 2187?
27
Let b(w) = 229*w**2 + 2155*w + 6. Let x be b(-10). Calculate the highest common divisor of x and 42.
6
Let y(d) = -6 + 60*d - 15*d + 70*d - 3*d**2. Let t be y(38). Calculate the highest common divisor of 224 and t.
32
Suppose 114 - 282 = f. Let s = f - -173. Let v(z) = 22*z - 2. Let t be v(1). Calculate the greatest common divisor of s and t.
5
Suppose -5*b - 12*b = 11583 - 267909. What is the highest common divisor of 84 and b?
42
Suppose -9*d - 2*u + 416 = -5*d, 2*u - 520 = -5*d. Suppose 26*i = 27*i - 26. What is the greatest common divisor of i and d?
26
Let m = -1005 + 1235. Calculate the highest common factor of m and 90.
10
Let t = -5143 - -6396. Calculate the highest common factor of 14 and t.
7
Let n(k) = 12*k + 19. Let q be n(4). Suppose -5*w - 2*h + 0*h + 117 = 0, -3*w - 2*h = -q. Calculate the highest common factor of w and 20.
5
Let t(c) = -c**2 + 28*c + 119. Let k be t(23). Suppose 0 = 22*s + 14 - k. What is the highest common factor of s and 230?
10
Suppose -4*k + 58 = -63*f + 64*f, f + 6 = 0. Calculate the highest common divisor of 1084 and k.
4
Let b(i) = 9*i**3 - 1. Let l be b(1). Suppose 25*n - 72 = 17*n. Let a be (-102)/(3 - n) - (1 + 4). What is the highest common factor of l and a?
4
Let d be (-3 + 9)/(((-8)/(-44))/1). Suppose 137 = 4*j - 4*x + d, -4*j + 80 = 2*x. Suppose 3*w - 20 = j. Calculate the greatest common factor of w and 56.
14
Let q(m) = m**3 - 7*m**2 + 2*m - 11. Let x be q(7). Let l(p) = 26*p - 30. Let w be l(x). Calculate the highest common divisor of w and 9.
3
Let z = -18242 + 18339. Calculate the highest common factor of 13 and z.
1
Suppose 36 = -3*v - 5*u, -v = -2*u + 4 + 8. Let y be 3 + (-4)/(v/3). Suppose b + 39 = z - b, 0 = -2*z - y*b + 62. What is the greatest common factor of 7 and z?
7
Suppose 0 = -3*q - 2*o - 3 + 35, 5*q = -3*o + 52. Suppose -384 = -q*k + 2*k. Calculate the greatest common divisor of 704 and k.
64
Let l(k) = -k**3 - 72*k**2 + 62*k - 146. Let s be l(-73). What is the greatest common divisor of 511 and s?
73
Let p(h) = 9*h - 1. Let m be p(1). Suppose 4*o = -5*n - 1 - 9, 0 = -3*n - o - 6. Let t be 46/(-23) + (-148)/n. What is the greatest common divisor of m and t?
8
Let m = -9 + 24. Suppose 4*w = 4*j - 16, 3*w = -w - 12. Let u be 104/20 + j/(-5). Calculate the highest common factor of m and u.
5
Let z = -25 - -52. Suppose z + 1 = 7*a. Suppose -a = 2*l, -i + 219 = 4*i + 3*l. Calculate the greatest common factor of i and 9.
9
Let v(h) = h**2 - 3*h + 2. Let w be v(3). Let o = 281 - 249. Suppose 0 = o*d - 229 - 155. What is the greatest common divisor of w and d?
2
Suppose -1040 = 5*s + 110. Let h be (-12)/1*s/69. Let y = h - 38. Calculate the greatest common divisor of y and 16.
2
Suppose -2*o + 10 + 2 = 4*k, 5*k + 3 = -o. Suppose -41*t + 1178 = 686. What is the greatest common factor of t and o?
12
Suppose 135 = 4*v - 217. Let f = v + -109. Let d(a) = -a**3 - 21*a**2 + 30. Let x be d(f). Calculate the highest common factor of x and 45.
15
Suppose -3*h + h = -52. Let z(g) be the second derivative of g**3 - 61*g**2/2 - 28*g + 2. Let d be z(h). Calculate the greatest common factor of d and 38.
19
Let o = -69 - -349. Suppose -25*j + 3*g = -30*j + o, 0 = 5*g + 25. What is the greatest common divisor of j and 1003?
59
Let f(d) = -84*d + 364. Let j be f(-7). Calculate the greatest common divisor of 1309 and j.
119
Suppose 10*p = 3*p + 14. Suppose 0 = -p*t + 3*t - 44. Suppose 5*x = -5*r + 200, -r = -2*x + 4*x - t. Calculate the highest common factor of r and 36.
36
Let x(l) = -l**2 - 13*l + 51. Let g be x(-13). Let h = 380 - 363. What is the greatest common divisor of h and g?
17
Let a(c) = c**3 + 3*c**2 - 21*c + 5. Let u be a(-6). Let h = u + -21. Suppose h*x = 210 + 270. Calculate the highest common divisor of x and 96.
48
Let x(c) = c**3 - 51*c**2 - 48*c - 124. Let v be x(52). Calculate the highest common divisor of v and 12684.
84
Let y = -94 - -149. Suppose -2*q + y = -41. Let p = 114 - q. What is the highest common factor of 6 and p?
6
Let f = -31460 - -32994. Calculate the highest common factor of f and 1888.
118
Let c = 9 - 3. Suppose y = 6 + c. Suppose -19*i + 30 + 345 - 33 = 0. Calculate the greatest common divisor of i and y.
6
Let g(q) = 6*q**2 + 2*q - 2. Let m be g(3). Suppose 57*n - m*n + 8 = 0. Suppose 3*b + 80 = n*b. What is the highest common factor of b and 128?
16
Let a be (-651)/(-15) + (5 - (-22)/(-5)). Suppose 0 = 2*i - a - 60. Let v = i - -36. Calculate the greatest common factor of v and 22.
22
Let m(b) = -b**3 - 3*b**2 + b - 5. Let z be m(-5). Let j = 47 - 42. Suppose 4*u = h - 2*h + 63, 37 = 2*u - j*h. What is the highest common factor of u and z?
8
Suppose -4*l + a + 36 = 3, -4*l + 3*a = -43. Let n = 12 - l. Suppose -4*v + 980 = 3*g, 3*g - n*v - 343 = 646. What is the highest common divisor of g and 41?
41
Let o be -1 + (-56)/(-9) + 24/(-108). Suppose 2*l + 363 = o*s, -6*l + 3*l = 4*s - 295. Let z = -41 + s. Calculate the highest common factor of 8 and z.
8
Let h be (-28)/(-5)*(-295)/(-118). Let n = 32 + 59. What is the highest common factor of h and n?
7
Let a(w) = -16793*w + 17306. Let m be a(1). Suppose -3*g - 12 = -2*o + 20, -5*o + 85 = -5*g. Calculate the greatest common factor of m and o.
19
Let o = -2930 - -3677. What is the greatest common divisor of o and 9213?
249
Suppose -215*p = 212*p - 443*p + 11616. What is the greatest common divisor of p and 6?
6
Suppose -5*k = u + 3*u - 661, -5*k + u = -641. Let a be (6 - 8)*k/(-6). Calculate the highest common factor of a and 989.
43
Let z be 6*3/(-12)*-16. Suppose -5*t + 44 = z. Suppose -2*n - 37 = -t*j + n, 0 = 5*n - 5. What is the highest common divisor of j and 90?
10
Le